a
In base 6, what is -143413 + -1?
-143414
In base 14, what is 20aa + 2b?
20d7
In base 9, what is 2437 - 10?
2427
In base 16, what is 6fe + -1?
6fd
In base 9, what is -1 - 116?
-117
In base 9, what is 351 - -1555?
2016
In base 13, what is c049 - -4?
c050
In base 3, what is 11 + -22220212?
-22220201
In base 2, what is -11000 - -110100011111110?
110100011100110
In base 13, what is -1b + -1251?
-126c
In base 12, what is 5bb36 + -1?
5bb35
In base 13, what is 5 - 36702a?
-367025
In base 6, what is -1 - -352245?
352244
In base 10, what is 1035775 - -4?
1035779
In base 7, what is -4131235 - 2?
-4131240
In base 5, what is 103143 + -23?
103120
In base 12, what is -3919 + 115?
-3804
In base 6, what is 325333 - 0?
325333
In base 8, what is 347635 + -22?
347613
In base 9, what is 438 - -5812?
6351
In base 15, what is 231 - -47?
278
In base 13, what is -14b19 + -11?
-14b2a
In base 12, what is -6 - 2a52?
-2a58
In base 10, what is 30 + -10558?
-10528
In base 3, what is 202 - -111121101?
111122010
In base 9, what is 1405 - -2102?
3507
In base 2, what is -101 + -110111111101111?
-110111111110100
In base 12, what is -523 + -b?
-532
In base 10, what is -3 + 204673?
204670
In base 11, what is 32a25 + 4?
32a29
In base 11, what is 204 - -7a7?
a00
In base 3, what is 11211210102100 + -10?
11211210102020
In base 11, what is -3 - 646?
-649
In base 14, what is -14d86 - 2?
-14d88
In base 4, what is 1013301 - -3133?
1023100
In base 7, what is 3 - 34160?
-34154
In base 4, what is 2 + -313100?
-313032
In base 11, what is -12611 + -4?
-12615
In base 10, what is 418739 + 1?
418740
In base 11, what is 17 - 14536?
-1451a
In base 16, what is -51 + 0?
-51
In base 2, what is -10001 + -1001110111111?
-1001111010000
In base 7, what is 5101 - 20?
5051
In base 7, what is 225 + -13?
212
In base 12, what is -380 + -132?
-4b2
In base 12, what is 49310 - 5?
49307
In base 13, what is -4 - 6a78?
-6a7c
In base 6, what is -23 + 10300?
10233
In base 8, what is 133 + 33021?
33154
In base 10, what is 965 - 103?
862
In base 15, what is 4157 + 5?
415c
In base 14, what is -33c + -316?
-654
In base 13, what is -69c60 + -b?
-69c6b
In base 7, what is 13525 + -2?
13523
In base 13, what is -30968c + 2?
-30968a
In base 2, what is 0 - -10001110111101?
10001110111101
In base 5, what is 10 + 141324?
141334
In base 15, what is -3 + -1098e?
-10992
In base 5, what is 110101 - -3?
110104
In base 6, what is 2 - 154400?
-154354
In base 12, what is -3 + -3267b6?
-3267b9
In base 6, what is 50255 - -204?
50503
In base 2, what is 1011011111 + -1000100000?
10111111
In base 11, what is -1361 - -40?
-1321
In base 14, what is 17c - 7?
175
In base 5, what is 121 - -41040?
41211
In base 3, what is -21112000 - -1020?
-21110210
In base 7, what is -2413 + 44?
-2336
In base 14, what is -2 - -5b9?
5b7
In base 13, what is -743 + -292?
-a05
In base 12, what is -5344 + 761?
-47a3
In base 5, what is -23111 + -10214?
-33330
In base 6, what is -21 + -142322?
-142343
In base 7, what is 64231 + -6?
64222
In base 15, what is -42 - 7c?
-be
In base 15, what is 10 + 9d61?
9d71
In base 12, what is 2b6a + -358?
2812
In base 7, what is -53 - 320?
-403
In base 3, what is 112022 - -2011102?
2200201
In base 9, what is 2353 + -12?
2341
In base 16, what is -7 + a973?
a96c
In base 3, what is -10110111000 + -1202?
-10110112202
In base 15, what is -16b84 + -1?
-16b85
In base 13, what is 10 - 9c4b?
-9c3b
In base 16, what is 5 + 1bd6?
1bdb
In base 10, what is -1066 - 31?
-1097
In base 13, what is 15 - -197?
1ac
In base 11, what is 1 + 99?
9a
In base 6, what is 10 + -13434144?
-13434134
In base 3, what is 11101 - 101000?
-12122
In base 12, what is -20979b + -1?
-2097a0
In base 2, what is -10000010110000 + 10?
-10000010101110
In base 6, what is -534343 + 15?
-534324
In base 5, what is -1 - -240234?
240233
In base 5, what is 22 + -3111413?
-3111341
In base 15, what is 3 - -24d4?
24d7
In base 16, what is -da84 + 1?
-da83
In base 10, what is 6 + -206538?
-206532
In base 14, what is 4 - -75d4?
75d8
In base 12, what is -301bb - -10?
-301ab
In base 6, what is 5 - -1242202?
1242211
In base 6, what is -2 + -3151515?
-3151521
In base 2, what is 11110100110001101101 + 100?
11110100110001110001
In base 15, what is 5 + 259029?
25902e
In base 13, what is -3 - c5aa2?
-c5aa5
In base 8, what is -26756 + -3?
-26761
In base 12, what is 15 - 24a7?
-2492
In base 14, what is 1340 + 55?
1395
In base 7, what is 3003 + 12?
3015
In base 11, what is -10 - -283297?
283287
In base 11, what is 143 - -80?
213
In base 7, what is 12434 + -1?
12433
In base 6, what is -2 - 3520400?
-3520402
In base 6, what is -122133 - -4?
-122125
In base 9, what is 274 - -148?
433
In base 13, what is -627c14 + -4?
-627c18
In base 7, what is -213560 + -5?
-213565
In base 6, what is -1 + 53334?
53333
In base 14, what is 7cd - -59?
848
In base 11, what is -102a - -15?
-1015
In base 5, what is 104103 - 14?
104034
In base 15, what is 432a + 1?
432b
In base 2, what is 1000 - 10011001001000110110?
-10011001001000101110
In base 2, what is 101001100110111111000 - 11?
101001100110111110101
In base 10, what is -243 - 1255?
-1498
In base 7, what is -243 + 201?
-42
In base 10, what is 1600680 - -5?
1600685
In base 3, what is 0 - 1212120100121?
-1212120100121
In base 10, what is 3544 + 871?
4415
In base 2, what is -11001010 + -11101010?
-110110100
In base 13, what is 1950a - -2?
1950c
In base 14, what is -46a6 + 24?
-4682
In base 3, what is 2002212221 + 12?
2002220010
In base 7, what is 30 + 30224?
30254
In base 12, what is -ab425 - 2?
-ab427
In base 8, what is 1006676 - -2?
1006700
In base 6, what is -3 + 12315401?
12315354
In base 14, what is 2 + -d519?
-d517
In base 12, what is -66226 - 10?
-66236
In base 10, what is 397 + 4?
401
In base 14, what is -2b95 + 3?
-2b92
In base 6, what is 3003 + -1144?
1415
In base 4, what is 223023013 + 11?
223023030
In base 10, what is 359035 - 5?
359030
In base 10, what is -63 - 99?
-162
In base 9, what is 3142 - 331?
2711
In base 9, what is -78 - -410?
321
In base 9, what is 30 - -2827?
2857
In base 5, what is -10331042 + -4?
-10331101
In base 14, what is 14 - -481bb?
481d1
In base 16, what is 910 - 1?
90f
In base 13, what is -b57ab + 4?
-b57a7
In base 5, what is -21 + 442421?
442400
In base 10, what is 3 - -745200?
745203
In base 12, what is -1 + 1aa241?
1aa240
In base 3, what is -1110202222201 - -11?
-1110202222120
In base 3, what is -12010221 - 20202?
-12101200
In base 6, what is 340012 - -4?
340020
In base 3, what is -1012121 + 1001?
-1011120
In base 7, what is 46061 - -4?
46065
In base 15, what is -7aa34 + 0?
-7aa34
In base 2, what is 10001001 - -10001000100000?
10001010101001
In base 5, what is 122311413 + 0?
122311413
In base 8, what is 244306 + -2?
244304
In base 5, what is -3 + 1031424?
1031421
In base 7, what is -1202 + 106?
-1063
In base 13, what is 12 - -325b?
3270
In base 15, what is 3606 + a?
3611
In base 13, what is -8c02 - -1?
-8c01
In base 14, what is 2a5 - -494?
759
In base 8, what is 5 + 441121?
441126
In base 16, what is -1c - 2136?
-2152
In base 15, what is bda + 17c?
d67
In base 15, what is -4104 - -a?
-40e9
In base 5, what is -1220103 + -131?
-1220234
In base 13, what is -532 + c3?
-43c
In base 10, what is -185234 + 2?
-185232
In base 6, what is 155044 + 51?
155135
In base 13, what is 20 - -8617?
8637
In base 9, what is 37 + -26126?
-26078
In base 4, what is 30322 + 102022?
133010
In base 6, what is -5310 - -5?
-5301
In base 3, what is 12122 - -100100120?
100120012
In base 14, what is 5d6 + -16?
5c0
In base 14, what is 179 - -34c?
4c7
In base 3, what is 210120000 + -11?
210112212
In base 4, what is 120121320 + -2?
120121312
In base 10, what is -1630353 - -3?
-1630350
In base 3, what is -2122010 + 2022?
-2112211
In base 14, what is b + 3c38c?
3c399
In base 2, what is -100010011 + 10100011111?
10000001100
In base 9, what is 4 - 2020737?
-2020733
In base 3, what is 2111 - 101212201?
-101210020
In base 13, what is -32 - -1405?
13a3
In base 6, what is -4 - -1432350?
1432342
In base 14, what is -23b6 + -8?
-23c0
In base 8, what is 3027 + 15?
3044
In base 7, what is -26 - 65665?
-66024
In base 14, what is -11d9a + 7?
-11d93
In base 15, what is 4 - -2281d?
22822
In base 4, what is -30 - -20002001?
20001311
In base 5, what is -21 - 313124?
-313200
In base 4, wha